{"id":42,"date":"2015-01-14T13:40:44","date_gmt":"2015-01-14T12:40:44","guid":{"rendered":"http:\/\/gemeinde.ks-enterprise.de\/wordpress\/?page_id=42"},"modified":"2021-02-17T19:59:32","modified_gmt":"2021-02-17T18:59:32","slug":"kontakt","status":"publish","type":"page","link":"https:\/\/xn--bibelgemeinde-lbeck-kbc.de\/?page_id=42","title":{"rendered":"Kontakt"},"content":{"rendered":"<p>Freie Bibelgemeinde L\u00fcbeck<br \/>Geniner Str. 82<br \/>23560 L\u00fcbeck<br \/><a href=\"mailto:kontakt@xn--bibelgemeinde-lbeck-kbc.de\">kontakt(at)bibelgemeinde-l\u00fcbeck.de<\/a><\/p>\n\n\n<p><\/p>\n","protected":false},"excerpt":{"rendered":"<p>Freie Bibelgemeinde L\u00fcbeckGeniner Str. 8223560 L\u00fcbeckkontakt(at)bibelgemeinde-l\u00fcbeck.de<\/p>\n","protected":false},"author":1,"featured_media":0,"parent":0,"menu_order":8,"comment_status":"closed","ping_status":"open","template":"","meta":[],"_links":{"self":[{"href":"https:\/\/xn--bibelgemeinde-lbeck-kbc.de\/index.php?rest_route=\/wp\/v2\/pages\/42"}],"collection":[{"href":"https:\/\/xn--bibelgemeinde-lbeck-kbc.de\/index.php?rest_route=\/wp\/v2\/pages"}],"about":[{"href":"https:\/\/xn--bibelgemeinde-lbeck-kbc.de\/index.php?rest_route=\/wp\/v2\/types\/page"}],"author":[{"embeddable":true,"href":"https:\/\/xn--bibelgemeinde-lbeck-kbc.de\/index.php?rest_route=\/wp\/v2\/users\/1"}],"replies":[{"embeddable":true,"href":"https:\/\/xn--bibelgemeinde-lbeck-kbc.de\/index.php?rest_route=%2Fwp%2Fv2%2Fcomments&post=42"}],"version-history":[{"count":6,"href":"https:\/\/xn--bibelgemeinde-lbeck-kbc.de\/index.php?rest_route=\/wp\/v2\/pages\/42\/revisions"}],"predecessor-version":[{"id":562,"href":"https:\/\/xn--bibelgemeinde-lbeck-kbc.de\/index.php?rest_route=\/wp\/v2\/pages\/42\/revisions\/562"}],"wp:attachment":[{"href":"https:\/\/xn--bibelgemeinde-lbeck-kbc.de\/index.php?rest_route=%2Fwp%2Fv2%2Fmedia&parent=42"}],"curies":[{"name":"wp","href":"https:\/\/api.w.org\/{rel}","templated":true}]}}